o base 12.
-b
What is -7d (base 16) in base 11?
-104
Convert -151 (base 7) to base 6.
-221
Convert -2 (base 9) to base 13.
-2
24 (base 8) to base 2
10100
-21 (base 7) to base 11
-14
-1102 (base 4) to base 6
-214
Convert 46 (base 9) to base 3.
1120
What is 5 (base 9) in base 14?
5
76 (base 11) to base 10
83
Convert 5 (base 15) to base 2.
101
13 (base 9) to base 7
15
11110 (base 2) to base 11
28
What is -25 (base 7) in base 9?
-21
Convert -8 (base 13) to base 5.
-13
14 (base 10) to base 3
112
What is -8 (base 13) in base 16?
-8
5 (base 6) to base 16
5
3 (base 12) to base 4
3
What is 2 (base 9) in base 2?
10
What is 38 (base 13) in base 10?
47
2 (base 8) to base 12
2
Convert 41 (base 16) to base 7.
122
Convert -19 (base 11) to base 4.
-110
What is -21 (base 4) in base 9?
-10
What is 1230 (base 4) in base 10?
108
Convert -8 (base 13) to base 7.
-11
Convert -6 (base 13) to base 15.
-6
Convert e (base 15) to base 2.
1110
Convert -11 (base 11) to base 12.
-10
What is 3 (base 4) in base 6?
3
Convert -100 (base 2) to base 13.
-4
What is -33 (base 6) in base 7?
-30
What is 11 (base 16) in base 13?
14
Convert 12 (base 4) to base 8.
6
12 (base 16) to base 9
20
Convert -2 (base 5) to base 12.
-2
Convert -2 (base 7) to base 12.
-2
Convert -9 (base 10) to base 4.
-21
14 (base 6) to base 15
a
Convert -c (base 16) to base 8.
-14
35 (base 15) to base 16
32
Convert 1332 (base 5) to base 9.
261
2 (base 16) to base 5
2
What is -11 (base 2) in base 7?
-3
Convert -17 (base 8) to base 6.
-23
Convert 36 (base 7) to base 16.
1b
-3 (base 15) to base 5
-3
12 (base 9) to base 6
15
What is -46 (base 10) in base 12?
-3a
What is -3 (base 15) in base 8?
-3
-1 (base 2) to base 7
-1
What is -111001 (base 2) in base 14?
-41
5 (base 10) to base 14
5
Convert 32 (base 4) to base 11.
13
What is -22 (base 6) in base 5?
-24
What is -3 (base 9) in base 2?
-11
1 (base 12) to base 13
1
Convert 2 (base 11) to base 3.
2
What is -101 (base 3) in base 16?
-a
-44 (base 7) to base 2
-100000
What is 1 (base 3) in base 2?
1
What is -2 (base 8) in base 5?
-2
What is -73 (base 16) in base 8?
-163
Convert 0 (base 9) to base 11.
0
What is 48 (base 10) in base 7?
66
What is 5 (base 7) in base 5?
10
What is 0 (base 16) in base 13?
0
152 (base 6) to base 7
125
What is 16 (base 7) in base 4?
31
Convert 1 (base 5) to base 3.
1
What is 5 (base 13) in base 6?
5
1103 (base 4) to base 5
313
1 (base 3) to base 15
1
Convert 8a (base 13) to base 12.
96
Convert 11 (base 2) to base 7.
3
-2 (base 8) to base 12
-2
Convert -a (base 11) to base 3.
-101
-11 (base 3) to base 7
-4
Convert 20 (base 12) to base 13.
1b
Convert 1 (base 7) to base 14.
1
2132 (base 4) to base 6
422
What is -ad (base 14) in base 15?
-a3
What is 0 (base 15) in base 9?
0
-10011011 (base 2) to base 3
-12202
-112 (base 7) to base 2
-111010
What is 6 (base 15) in base 16?
6
212 (base 4) to base 2
100110
Convert -11 (base 2) to base 12.
-3
36 (base 16) to base 9
60
What is 10 (base 4) in base 9?
4
-1 (base 14) to base 10
-1
What is 1 (base 2) in base 3?
1
What is -1000101 (base 2) in base 3?
-2120
What is 201 (base 3) in base 16?
13
What is -5 (base 7) in base 13?
-5
What is 6 (base 15) in base 6?
10
Convert -70 (base 11) to base 6.
-205
What is 0 (base 11) in base 8?
0
112 (base 3) to base 10
14
-40 (base 9) to base 14
-28
-6 (base 13) to base 11
-6
-1 (base 8) to base 15
-1
8 (base 16) to base 9
8
Convert -3 (base 13) to base 3.
-10
What is 3 (base 4) in base 9?
3
What is 0 (base 14) in base 13?
0
What is -3 (base 14) in base 9?
-3
What is -140 (base 5) in base 10?
-45
21 (base 4) to base 10
9
-1000 (base 3) to base 13
-21
Convert -2 (base 11) to base 14.
-2
Convert -c7 (base 14) to base 5.
-1200
What is 0 (base 2) in base 9?
0
What is -2 (base 5) in base 10?
-2
3 (base 7) to base 4
3
Convert 10 (base 3) to base 12.
3
What is 3 (base 10) in base 5?
3
What is 48 (base 11) in base 8?
64
What is 2 (base 15) in base 8?
2
Convert -60 (base 11) to base 5.
-231
What is -5 (base 9) in base 16?
-5
What is 5 (base 8) in base 14?
5
What is 0 (base 4) in base 3?
0
What is -10 (base 5) in base 6?
-5
-5 (base 14) to base 9
-5
42 (base 7) to base 14
22
What is 31 (base 11) in base 14?
26
5 (base 15) to base 6
5
What is -4 (base 8) in base 10?
-4
Convert 22 (base 10) to base 14.
18
Convert -63 (base 7) to base 5.
-140
154 (base 11) to base 13
10b
What is -451 (base 6) in base 3?
-20111
What is -134 (base 5) in base 7?
-62
171 (base 12) to base 9
274
68 (base 11) to base 13
59
What is 3 (base 8) in base 16?
3
-1 (base 16) to base 14
-1
What is -1d (base 16) in base 10?
-29
-37 (base 15) to base 6
-124
Convert -2 (base 11) to base 2.
-10
b (base 12) to base 16
b
What is 21 (base 13) in base 2?
11011
-101 (base 3) to base 10
-10
What is -48 (base 16) in base 10?
-72
-7 (base 14) to base 6
-11
Convert -76 (base 14) to base 13.
-80
Convert 4 (base 8) to base 4.
10
Convert -102 (base 6) to base 2.
-100110
Convert 2 (base 13) to base 12.
2
Convert 20111 (base 3) to base 8.
257
Convert -1022 (base 7) to base 16.
-167
What is 1 (base 11) in base 7?
1
Convert -4 (base 7) to base 15.
-4
What is -14 (base 14) in base 8?
-22
Convert 22 (base 5) to base 13.
c
-132 (base 5) to base 16
-2a
What is -160 (base 7) in base 15?
-61
Convert -2 (base 12) to base 11.
-2
2102 (base 4) to base 12
102
Convert 6 (base 12) to base 3.
20
Convert -8 (base 16) to base 10.
-8
Convert 4 (base 6) to base 9.
4
Convert -1b (base 13) to base 5.
-44
What is -1 (base 12) in base 16?
-1
What is 3 (base 15) in base 14?
3
Convert -111101 (base 2) to base 6.
-141
Convert a (base 11) to base 7.
13
Convert 1 (base 2) to base 15.
1
What is 22121 (base 3) in base 16?
e8
3 (base 12) to base 5
3
What is -1 (base 5) in base 8?
-1
What is -1 (base 6) in base 11?
-1
Convert -27 (base 13) to base 11.
-30
What is 46 (base 13) in base 4?
322
What is 102 (base 4) in base 14?
14
Convert bd (base 14) to base 4.
2213
What is -36 (base 15) in base 16?
-33
Convert 11 (base 3) to base 14.
4
2 (base 15) to base 12
2
-35 (base 8) to base 4
-131
Convert 55 (base 7) to base 14.
2c
13 (base 14) to base 13
14
Convert 14 (base 8) to base 9.
13
-9 (base 15) to base 11
-9
-21 (base 9) to base 12
-17
What is 19 (base 16) in base 2?
11001
-47 (base 9) to base 11
-3a
What is 3 (base 16) in base 11?
3
What is -10132 (base 4) in base 13?
-190
a (base 13) to base 5
20
Convert -53 (base 10) to base 4.
-311
Convert -135 (base 10) to base 16.
-87
Convert -10 (base 2) to base 5.
-2
-3 (base 11) to base 5
-3
-23 (base 16) to base 10
-35
-101000 (base 2) to base 5
-130
What is -1330 (base 4) in base 16?
-7c
106 (base 13) to base 15
ba
What is -1d (base 14) in base 16?
-1b
-37 (base 8) to base 13
-25
-2 (base 4) to base 6
-2
Convert 1412 (base 5) to base 7.
451
What is 1 (base 10) in base 2?
1
Convert 1 (base 2) to base 5.
1
What is 1101111 (base 2) in base 7?
216
Convert -37 (base 16) to base 15.
-3a
What is 200 (base 3) in base 2?
10010
ac (base 15) to base 7
321
-4 (base 13) to base 14
-4
What is 3 (base 4) in base 12?
3
Convert 23 (base 6) to base 16.
f
41 (base 8) to base 10
33
Convert -231 (base 6) to base 9.
-111
What is -28 (base 15) in base 4?
-212
7 (base 13) to base 11
7
What is -110 (base 6) in base 14?
-30
Convert 4 (base 9) to base 11.
4
Convert 100001 (base 2) to base 8.
41
What is -31 (base 4) in base 10?
-13
Convert -1 (base 11) to base 15.
-1
What is -74 (base 10) in base 11?
-68
Convert 10 (base 5) to base 16.
5
Convert -21 (base 6) to base 15.
-d
What is 7 (base 10) in base 12?
7
Convert -18 (base 10) to base 5.
-33
Convert -1 (base 4) to base 5.
-1
41 (base 8) to base 10
33
What is -5 (base 11) in base 14?
-5
What is 35 (base 16) in base 7?
104
What is -4 (base 9) in base 12?
-4
-3 (base 16) to base 13
-3
257 (base 8) to base 11
14a
-7 (base 8) to base 6
-11
What is -4 (base 13) in base 4?
-10
What is 12 (base 13) in base 4?
33
-d1 (base 15) to base 16
-c4
-270 (base 9) to base 5
-1400
Convert 21 (base 4) to base 7.
12
What is 15 (base 8) in base 2?
1101
-5 (base 12) to base 11
-5
2 (base 16) to base 2
10
What is -6 (base 16) in base 2?
-110
Convert -3 (base 16) to base 14.
-3
3 (base 4) to base 14
3
What is -14 (base 13) in base 3?
-122
What is -21111 (base 3) in base 13?
-127
What is -515 (base 6) in base 13?
-119
Conv